lse
Let y(x) = 25178*x**2 - 18*x + 17. Is y(1) prime?
False
Suppose 8*w - 9*w = 316. Is (w/12)/(1/(-6)) a composite number?
True
Let y = 106 - 71. Let w = y + -51. Let f(s) = s**2 - s - 13. Is f(w) prime?
False
Suppose 2*n - 1181 = -p, 4*n - 3543 = -3*p + 6*n. Is p a prime number?
True
Let h(i) = -297*i - 37. Is h(-4) composite?
False
Suppose 0*m - 5*s + 5 = -2*m, -5 = -4*m - 5*s. Suppose -t = -3*n - m*t + 471, -3*n + 2*t + 471 = 0. Is n a composite number?
False
Suppose -3*v - 372 = -2*v. Let j = -53 - v. Is j composite?
True
Suppose 2*i = -0*i - 6. Let y(k) = -k**2 - 4*k. Let s be y(i). Suppose 0 = -s*d + 60 + 51. Is d a prime number?
True
Is 120/(-45)*(2 - (-15958)/(-8)) a composite number?
True
Suppose 7*b = 4*b + 48. Suppose -20*n = -b*n - 12. Suppose 331 - 1210 = -n*x. Is x composite?
False
Let p = 62 - 38. Let d be (-15)/(-12) + p/32. Suppose -d*g = 6*g - 5080. Is g prime?
False
Let p = 87 + 910. Is p composite?
False
Suppose 0 = 26*s - 24*s + 320. Let h be 6/(2*3/4). Is s/24*(-51)/h composite?
True
Suppose 0 = -6*s + 3*s. Suppose s = 11*i - 5*i - 4734. Is i a prime number?
False
Let o(m) = -15*m - 6. Let c be o(-7). Let j = -43 + 3. Let l = c - j. Is l prime?
True
Suppose 63*b = 58*b + 9005. Is b a composite number?
False
Let h be 32/6*(-504)/96. Let m = h + 16. Is (-2074 - -1)*m/36 a composite number?
False
Suppose 18*k + 92049 - 1047831 = 0. Is k a composite number?
True
Suppose d - 1 = -3*p, 2*p - 3*p = -3*d + 13. Suppose -k = s - 578, 0 = -5*k - 2*s + d*s + 2855. Is k composite?
True
Let v be (20 + 2)*3/(-6). Let o(b) be the first derivative of b**3/3 + 3*b**2 + 14*b - 13. Is o(v) a composite number?
True
Suppose -11*d = 29*d - 1701320. Is d a composite number?
False
Is (-227639)/(-133)*(9 + -2) prime?
True
Suppose 635 = -x + 191. Let w = -295 - x. Suppose -9*f + w = -8*f. Is f composite?
False
Suppose 0 = 91*r - 98*r + 57295. Is r composite?
True
Let t(u) = -u**2 + 3*u + 43. Let h be t(8). Suppose -h*z = 7*z - 9330. Is z a prime number?
False
Is (5644/12 - 3) + 7/(-21) composite?
False
Let c(m) be the first derivative of 61*m**2/2 + 26*m - 17. Is c(11) a prime number?
False
Suppose 4*r + 13346 = u, -3*r - 4*u - 9513 = 506. Let g = -1578 - r. Is g prime?
True
Suppose u + 4*u + 7 = -f, -4*u + 180 = -5*f. Let r = f + 85. Is r a prime number?
True
Let u(h) = 3*h - 18. Let j be u(7). Is (-1)/j + 564/18 composite?
False
Is 5*15441/6*(-2)/(-5) prime?
True
Suppose 60 = 5*y - 3*y. Let f = 32 - y. Suppose u - 439 = 2*m - 0*m, -f*u - 4*m + 846 = 0. Is u a composite number?
False
Let z = -60 + 13. Let r = 176 + z. Is r composite?
True
Let h(j) = -15*j**3 + 12*j**2 + 3*j + 14. Is h(-5) a composite number?
True
Suppose 0 = 3*n - n + 2, 0 = 3*p - 5*n - 8. Let t be 4/(-3)*6/4. Is (2 - 129)/(t + p) a prime number?
True
Let x(m) = m**3 + 6*m**2 - 16*m + 4. Let f be x(13). Suppose 4*w = -467 + f. Is w a prime number?
False
Is (-12)/1 + 49 + 1360 a prime number?
False
Let d = -20 - -16. Is (-3560)/(-14) - d/(-14) a composite number?
True
Let p = 2640 - 1674. Let o = 1475 - p. Is o prime?
True
Let u = -1762 + 3636. Is u a composite number?
True
Let d be (-6)/4*(-32)/24. Suppose -2988 = -5*u - s + 968, d*u + 3*s = 1585. Is u a composite number?
True
Suppose -9*f - 3*f = -49272. Is f a composite number?
True
Let x(y) = 155*y**3 - 3*y**2 + 3*y - 4. Let u be x(2). Let i = -536 + u. Is i a prime number?
False
Suppose -29*a + 398 = -28*a - 2*m, m = 5*a - 1972. Is a composite?
True
Suppose -47*t + 490067 = -28*t. Is t a prime number?
True
Let g(i) = 111*i**2 - 27*i + 13. Is g(11) a composite number?
False
Suppose -15*z - z = -25264. Is z a prime number?
True
Let s be 15/(-25) + 2/(-5). Let j = -81 - 76. Is j*((-2)/s + -3) prime?
True
Let n(c) = 1230*c + 1. Let i be n(1). Suppose -i - 210 = -g. Is g a prime number?
False
Let l(o) = 9*o**2 - 6*o + 48. Is l(-21) a composite number?
True
Suppose x + 99971 = 4*k - 37685, 2*k = 5*x + 68810. Is k a composite number?
True
Suppose 0 = -o - 614 + 8384. Is (-1 - (-2)/4)/((-21)/o) composite?
True
Let r(h) = 18*h**2 + 39*h + 107. Is r(22) a composite number?
False
Suppose 4*s + s - 3*t = 27, 0 = t - 1. Let j be 3*(-4)/s - -8. Is (2/j)/((-1)/(-177)) a prime number?
True
Suppose 3*m + 9*j - 13*j - 1673 = 0, 4*m + 2*j - 2238 = 0. Is m composite?
True
Suppose -4*h - 9*h = -82537. Is h prime?
False
Let y(c) = 150*c + 211. Is y(13) prime?
True
Suppose 7 = 8*m - 9. Is ((-247)/19)/(m/(-26)) a prime number?
False
Let k(f) = f**3 - 9*f**2 - 10*f + 4. Let r be k(10). Suppose -r*b + 53 = -3*b. Is b a prime number?
True
Suppose 5*k + 2*f - 25 = 0, -3*k - 3*f = -3 - 3. Suppose -5*l = -3*s + 474, 5*l - 8 = k. Is s prime?
True
Suppose -g + 20*g - 33041 = 0. Is g a prime number?
False
Suppose -2*y - b + 694 = -2*b, -4*b + 1722 = 5*y. Let f(w) = -346*w**2 + w + 95 + y*w**2 - w**3. Is f(0) composite?
True
Let n(u) = -117*u - 4. Let z(t) = -t**2 - t - 9. Let o be z(0). Let k(g) = g. Let h be k(o). Is n(h) a composite number?
False
Suppose -5*m - 2*j = -j - 8, 5 = -4*m + 3*j. Let r(x) = 2*x**2 + 3*x - 2. Let v be r(m). Suppose -3*y + 19 = q - 54, -3*y + 189 = v*q. Is q composite?
True
Let w = -5 - -10. Suppose -5*d - u = -29, 4*u - 5*u - 21 = -w*d. Suppose 2 = 2*c + 6, -249 = -t - d*c. Is t prime?
False
Let m(q) = q**2 - 3*q + 3. Let w(i) = i**2 + i. Let y(f) = m(f) + 2*w(f). Let r(z) = 6*z**2 - 3*z + 6. Let k(d) = -2*r(d) + 5*y(d). Is k(5) a prime number?
True
Suppose 4*v + 54561 = 3*g - 169544, -2*g + 149375 = 3*v. Is g a composite number?
True
Let m be (-1)/(-4*(-3)/12). Let y be 3 + m/(-2)*4. Suppose 0 = 5*o + y, -5*d - 3*o = -6*o - 188. Is d composite?
False
Let d = -25 + 28. Let g(y) = -3 - 5*y**3 - d*y**3 - 3 - 7*y**2 + 19*y + 7*y**3. Is g(-13) a prime number?
True
Let y be 9/(-12) + 1/((-4)/(-23)). Suppose -y*k - 1559 = -3*p - 462, -p = -k - 363. Is p a composite number?
False
Let v(n) = -27 + 15 + 51*n + 8. Suppose 2*p - 3*p + 5 = 0. Is v(p) prime?
True
Suppose -2*o - 442 = 2*v - 33858, -4*v + o + 66822 = 0. Is v composite?
True
Suppose -366 = -5*f - 1986. Let q = f + 1301. Is q a prime number?
True
Suppose 0 = 2*q - 2 + 4. Let k be (4/(-12)*3)/q. Is (-5)/(15/(-1473))*k a prime number?
True
Suppose 3*f - 18 = -0*f. Is 2479/f - (-4)/(-24) composite?
True
Let m = -83 - -102. Let s be (-5)/((-3)/(-4) - 1). Suppose m = i - s. Is i prime?
False
Let d be -3516*3/(-6) - 2*1. Suppose l + d = 3*l. Is l composite?
True
Suppose 0 = -2*g + 2*t - 124, -g = -2*t + 5*t + 58. Let w = g + 94. Is w composite?
True
Let k = -38 + 26. Let p(q) = q**2 - 14*q - 14. Is p(k) composite?
True
Let r(z) = 22*z - 61. Is r(6) composite?
False
Is 236898/14 + 80/(-280) a prime number?
True
Suppose -8*d + 250201 - 2913 = 0. Is d a composite number?
False
Let s(z) = 86*z + 9. Suppose -51 + 71 = 2*u. Is s(u) a composite number?
True
Let b = 22 + -8. Let y(r) = r**3 - 13*r**2 - 13*r - 11. Let q be y(b). Suppose 3*s = -q*s + 6330. Is s a prime number?
False
Let w = -10201 + 17148. Is w prime?
True
Let s = -39 + 42. Suppose s*g - 1350 = b, -1118 = -3*g - 3*b + 244. Is g composite?
True
Suppose -s - 2 = v - 3, -4*s = -3*v + 10. Suppose 0 = 5*c - v*c + 297. Let h = 316 + c. Is h a prime number?
False
Let u(n) = -2*n - 16. Let t be u(10). Is t/60 - 4/10 - -395 a prime number?
False
Suppose -3*l - 72 = 4*n, 3*l + 50 = -2*n - 2*l. Let s be n/(-4) - 14/(-56). Is ((-1060)/30)/(s/(-6)) composite?
False
Suppose -5*h + 10646 = 2*u, -3*u + 15969 = h + 4*h. Is u a prime number?
True
Let n(k) = -k + 4. Let g be n(2). Suppose g*y + 20 = -3*y + 5*b, b - 4 = 4*y. Suppose y = -5*r - 4 + 39. Is r prime?
True
Let y be 0*(0 + 0 + -1). Let t = 2 + y. Suppose -t*w + 5*x = -0*w - 430, -812 = -4*w - 2*x. Is w a prime number?
False
Let l(a) = -2 - 1 - 7*a - 6*a - 1. Let m be l(-3). Is (-2)/5 + 7819/m a composite number?
False
Suppose -9*k + 18*k = -13878. Let s = k + 2443. Is s prime?
False
Suppose -1304 = 3*n + 817. Let r = n - -1000. Is r a composite number?
False
Suppose -k + 2*k = 0. Suppose 5*a - 3030 = -k*a. Suppose -t + a = 5*d, 4*t = -2*d + 138 + 108. Is d a prime number?
False
Let r be (-1 + 30/12)/(3/8). Suppose r*i - 7 = 1957. Is i composite?
False
Let t = 113 + 668. Is t a composite number?
True
Suppose 0 = r - 5*y - 660, 0 = 2*r + r - 2*y - 1993. Suppose s - r = -4*s. Is s a co